What is the highest common factor of u and 52?
52
Let b(j) = -j**3 - 11*j**2 + j + 5. Let o be b(-11). Let z be (-333)/o - 1/(-2). Calculate the greatest common divisor of z and 8.
8
Let q(a) = 5*a**2 + 11*a - 3. Let y be q(3). Let p(w) = w**2 - 6. Let v be p(6). Calculate the highest common factor of v and y.
15
Let b = 19 + -17. Let r(c) = 70*c + 2. Let a(t) = 71*t + 2. Let q(d) = -5*a(d) + 6*r(d). Let j be q(b). Calculate the highest common divisor of 12 and j.
12
Let q(z) = -17*z**2 - 13*z - 4. Let r(u) = -9*u**2 - 7*u - 2. Let m(l) = -6*q(l) + 11*r(l). Let s be m(2). Calculate the greatest common divisor of 4 and s.
4
Suppose -5*b + 865 = 3*k, -2*k + 10*b = 5*b - 610. What is the greatest common divisor of 118 and k?
59
Suppose -9*a + 2 = -8*a. Suppose -2*g = 3*r - 152, 4*g - 213 - 59 = a*r. What is the greatest common divisor of g and 42?
14
Let v = 68 - -24. Let y = -28 + v. Suppose -y = -3*c + 14. What is the highest common divisor of 13 and c?
13
Suppose 3*r + 1125 = 2*m, m - 558 = -0*m - 3*r. Let i = -71 + 122. Calculate the highest common factor of i and m.
51
Let o(m) = -m + 225*m**2 - 224*m**2 + 3 + 12*m. Let q be o(-11). Suppose q*p = 8*p - 35. What is the greatest common factor of 35 and p?
7
Suppose 0 = 5*r + 5*j - 1195, j = 5*r - 819 - 376. Let l = -59 + 63. Suppose 81 = l*y - r. Calculate the highest common divisor of 10 and y.
10
Suppose 0 = f, 6*f - 1175 = -5*c + 9*f. Calculate the highest common divisor of c and 5.
5
Let a be (-2)/6 - (-242)/6. Let p(g) = 3*g**3 + 8*g - 9*g**2 - 26 - 5*g**2 + 14 - 2*g**3. Let j be p(14). Calculate the highest common factor of a and j.
20
Suppose n = 5*p - 50 + 7, 28 = 2*p + 5*n. What is the highest common divisor of 315 and p?
9
Let m = -5 - -32. Let i(r) = r + 9. Let b(p) = -p**3 - 14*p**2 - 12*p + 7. Let c be b(-13). Let w be i(c). Calculate the greatest common factor of m and w.
3
Let q be (-1 - (-21)/9)*32*3. Calculate the greatest common factor of q and 8.
8
Let k = -83 - -350. What is the greatest common divisor of 356 and k?
89
Let y be (2*-2)/(688/(-69316)). What is the greatest common factor of y and 52?
13
Suppose -20*b + 6*b = -9702. What is the highest common factor of b and 63?
63
Let c = -322 + 325. Calculate the highest common divisor of 267 and c.
3
Let c(j) = -j**3 + 12*j**2 + 6*j - 15. Suppose 20 = 3*p - 16. Let i be c(p). Suppose 2*z - i = -z. What is the highest common factor of 76 and z?
19
Suppose 2*p = 3*p - 12. Let a be ((-3)/4 - 8/32) + -19. Let l be a/6*(-126)/5. Calculate the highest common factor of l and p.
12
Suppose 81 = 78*z - 69*z. Calculate the greatest common divisor of z and 657.
9
Suppose 2 = -5*c + 17, 4*c = -g + 18. Let j be -2 - g/(-2) - -186. Let f be -2 + j + 1 + 1. What is the highest common divisor of 17 and f?
17
Let b(j) = j**3 - 15*j**2 - 11*j + 19. Let z be b(16). Calculate the highest common factor of 66 and z.
33
Suppose -2*j + 4 = 0, 5*j + 204 = 4*b - 102. What is the greatest common divisor of b and 553?
79
Let a(j) = -5*j. Let x be a(-1). Let r = x - 2. Let d = -1 + r. What is the highest common divisor of d and 14?
2
Let g = -295 + 173. Let x = g + 152. Calculate the highest common factor of x and 270.
30
Let b = -15 - -19. Suppose h + 1 = 5*t - 2, 2*h + b*t - 22 = 0. What is the greatest common divisor of h and 7?
7
Let h be (0 + -1)/(14/(-6) - -2). Suppose h*v + v + 4*z - 152 = 0, 5*v - 190 = z. Calculate the greatest common divisor of v and 95.
19
Let u(h) = -33*h + 90. Let n be u(-1). Calculate the greatest common factor of n and 451.
41
Suppose v - 1174 = -1170. What is the highest common factor of 20 and v?
4
Let c = 2296 - -449. Calculate the highest common divisor of c and 45.
45
Suppose 4*b + 1 = 33. What is the greatest common divisor of 88 and b?
8
Let l = 883 + -480. Calculate the highest common factor of 26 and l.
13
Suppose 201 = 3*g + 4*t, 2*t - 86 = -2*g + 50. Let z = g + -54. Calculate the highest common divisor of 51 and z.
17
Suppose -73*b = 10387 - 33966. Calculate the highest common divisor of b and 34.
17
Let f be (-1)/(-13) + 1748/598. Let v be (15/(-6))/((-2)/92). Let w = v + -82. Calculate the highest common factor of f and w.
3
Suppose 967 = 4*u + 4*j + 291, 0 = -5*u + 2*j + 817. Suppose -5*c + 32 + 43 = 0. Calculate the highest common factor of c and u.
15
Let m be (62/(-3))/(24/(-108)). What is the highest common factor of 341 and m?
31
Suppose 2*l = -5*b - 6 + 58, l = 4*b. Calculate the highest common factor of 64 and l.
16
Suppose -g = -129 - 6. Calculate the highest common divisor of g and 54.
27
Let u = -16237 - -16303. Let c = 112 + -24. Calculate the greatest common factor of u and c.
22
Let t(w) = w**3 - 12*w**2 + 19*w + 13. Let m be t(10). Suppose m*l = -4*l + 84. Calculate the highest common divisor of l and 8.
4
Let i be (-40)/340 - -6*(-466)/(-68). Suppose 0 = 4*o - 286 - 1026. What is the greatest common divisor of i and o?
41
Let a(o) = -3*o**2 - 6*o**2 - 2*o - 3*o**3 - 3*o**2 + 11*o**2 + 2. Let v be a(-2). Calculate the highest common divisor of 156 and v.
26
Suppose 5*f - 27 + 2 = 0. Suppose -5*a + 3*a = -f*r - 10, -3*r + 42 = 2*a. Calculate the greatest common divisor of a and 15.
15
Suppose -3*l + 504 = 3*u - 1266, -4*u = -20. What is the highest common divisor of 39 and l?
39
Suppose -2*h + 442 - 178 = 0. Calculate the highest common divisor of h and 12.
12
Let l(f) = -11*f + 457. Let p be l(40). Calculate the greatest common factor of 4 and p.
1
Let m(x) = x**2 - 37*x + 17. Let r be m(37). Calculate the highest common divisor of r and 119.
17
Suppose 16 = 8*n - 4*n. Suppose 3*g - 33 - 21 = -h, n*h = 3*g + 276. Let d be (-1 - 5)*(-22)/3. What is the greatest common factor of h and d?
22
Suppose 0 = 1278*r - 1270*r - 9272. What is the highest common factor of r and 61?
61
Let h = 36 - 16. Let j = -156 + 216. What is the highest common factor of h and j?
20
Let r(h) = -2*h - 1. Let s be r(-3). Suppose s*b - b = 0. Let w = 13 + b. What is the highest common divisor of w and 143?
13
Let j be 4/18 + 11015/45. Suppose 0 = -6*i - 59 + j. Calculate the highest common divisor of i and 279.
31
Let w = 25 - -4. Let i be (-10966)/(-42) + 38/(-399). Calculate the greatest common divisor of w and i.
29
Let y(w) = 15*w + 282. Let g be y(-13). Calculate the greatest common factor of g and 9.
3
Suppose 2*r + 176 = -9*r. Let l = 21 + r. Calculate the highest common divisor of 1 and l.
1
Suppose 13*i - 51 = 105. Let m(x) = 7*x**2 - x + 1. Let k be m(1). Let y(t) = 2*t**2 - 2. Let n be y(k). Calculate the highest common divisor of i and n.
12
Let g(m) = 5*m - 3. Let q be g(5). Suppose 2*y + 960 = -2*y. Let a be (-32)/y - 326/(-30). What is the greatest common factor of q and a?
11
Let c be (-1)/((-2)/(46 - 0)). Suppose 2*a = 4*q + 26, 227 = -a + 4*q + 230. Calculate the greatest common divisor of a and c.
23
Suppose -g = -5*a - 0*g - 44, 3 = -3*g. Let c be (34/(-4))/((a/6)/3). Calculate the greatest common factor of 136 and c.
17
Let f(g) = -g**3 - 4*g**2 - 2*g - 6. Let p be f(-5). Let v = -182 - -385. Calculate the greatest common factor of p and v.
29
Let i = -157 - -274. What is the highest common divisor of i and 9?
9
Let m be (-2)/(-2 + 36/19). Let b(h) = h**3 - 25*h**2 - 149*h + 65. Let r be b(30). Calculate the greatest common factor of m and r.
19
Let l(g) = -2*g - 3. Let j be l(-2). Let c be (2/4)/(j + (-92)/96). What is the highest common divisor of c and 108?
12
Let b be 39*(16/(-18))/2*-3. Calculate the greatest common factor of 1 and b.
1
Let j = -190 + 222. What is the greatest common divisor of 112 and j?
16
Suppose -427*r - 44890 = -437*r. Calculate the greatest common factor of r and 67.
67
Let b(k) = 2*k**3 + k**2. Let o(t) = t**3 - 7*t**2 + 8*t + 4. Let m be o(6). Let a = m + -15. Let h be b(a). What is the highest common factor of 12 and h?
3
Let h(a) = 4*a**2 - 17*a - 11. Let q be h(9). What is the highest common factor of q and 20?
20
Let g = -2941 - -2948. Suppose 3*f - 122 = 25. Calculate the highest common divisor of g and f.
7
Suppose 5*d - 4074 = -3*c, 1420 = 4*d - 3*c - 1850. Suppose 5*l - 3*x = d, 63 = 2*l - x - 264. What is the highest common divisor of l and 15?
15
Let u be (-3448)/(-12) + -2*(-2)/6. Calculate the greatest common factor of 768 and u.
96
Let v be (110/(-60))/(